{"id":59,"date":"2020-03-17T09:34:25","date_gmt":"2020-03-17T09:34:25","guid":{"rendered":"http:\/\/stadtratsberichte.de\/?page_id=59"},"modified":"2020-12-10T10:45:47","modified_gmt":"2020-12-10T10:45:47","slug":"warum-ist-muenchner-kommunalpolitik-interessant","status":"publish","type":"page","link":"https:\/\/stadtratsberichte.de\/?page_id=59","title":{"rendered":"Warum ist M\u00fcnchner Kommunalpolitik interessant?"},"content":{"rendered":"\n<p><strong>Weil sie uns unmittelbar angeht:<\/strong> <\/p>\n\n\n\n<p>Kommunalpolitik hat direkten Einfluss darauf, wie wir in M\u00fcnchen leben. Die Entscheidungen im Stadtrat bestimmen, wie unsere Stadt aussieht, wie wir uns bewegen, ob gut ausgestattete Schulen vorhanden sind, welche Angebote es f\u00fcr die \u00e4ltere Generation gibt und vieles mehr. All das ist entscheidend daf\u00fcr, ob wir uns in M\u00fcnchen wohlf\u00fchlen. <\/p>\n\n\n\n<p>Und da gibt es durchaus Unterschiede. W\u00fcrden Sie gerne hier wohnen?<\/p>\n\n\n\n<figure class=\"wp-block-image size-large\"><img loading=\"lazy\" decoding=\"async\" width=\"1024\" height=\"669\" src=\"https:\/\/stadtratsberichte.de\/wp-content\/uploads\/2020\/01\/IMG_2185-1-1024x669.jpg\" alt=\"\" class=\"wp-image-91\" srcset=\"https:\/\/stadtratsberichte.de\/wp-content\/uploads\/2020\/01\/IMG_2185-1-1024x669.jpg 1024w, https:\/\/stadtratsberichte.de\/wp-content\/uploads\/2020\/01\/IMG_2185-1-300x196.jpg 300w, https:\/\/stadtratsberichte.de\/wp-content\/uploads\/2020\/01\/IMG_2185-1-768x502.jpg 768w, https:\/\/stadtratsberichte.de\/wp-content\/uploads\/2020\/01\/IMG_2185-1-1536x1004.jpg 1536w, https:\/\/stadtratsberichte.de\/wp-content\/uploads\/2020\/01\/IMG_2185-1-2048x1339.jpg 2048w, https:\/\/stadtratsberichte.de\/wp-content\/uploads\/2020\/01\/IMG_2185-1-1200x785.jpg 1200w\" sizes=\"auto, (max-width: 767px) 89vw, (max-width: 1000px) 54vw, (max-width: 1071px) 543px, 580px\" \/><\/figure>\n\n\n\n<p>oder vielleicht eher hier:<\/p>\n\n\n\n<figure class=\"wp-block-image size-large\"><img loading=\"lazy\" decoding=\"async\" width=\"1024\" height=\"786\" src=\"https:\/\/stadtratsberichte.de\/wp-content\/uploads\/2020\/01\/IMG_2154-1024x786.jpg\" alt=\"\" class=\"wp-image-62\" srcset=\"https:\/\/stadtratsberichte.de\/wp-content\/uploads\/2020\/01\/IMG_2154-1024x786.jpg 1024w, https:\/\/stadtratsberichte.de\/wp-content\/uploads\/2020\/01\/IMG_2154-300x230.jpg 300w, https:\/\/stadtratsberichte.de\/wp-content\/uploads\/2020\/01\/IMG_2154-768x590.jpg 768w, https:\/\/stadtratsberichte.de\/wp-content\/uploads\/2020\/01\/IMG_2154-1536x1179.jpg 1536w, https:\/\/stadtratsberichte.de\/wp-content\/uploads\/2020\/01\/IMG_2154-2048x1572.jpg 2048w, https:\/\/stadtratsberichte.de\/wp-content\/uploads\/2020\/01\/IMG_2154-1200x921.jpg 1200w\" sizes=\"auto, (max-width: 767px) 89vw, (max-width: 1000px) 54vw, (max-width: 1071px) 543px, 580px\" \/><figcaption>         <\/figcaption><\/figure>\n\n\n\n<p>Und wie m\u00f6chten Sie in M\u00fcnchen vorankommen? Vielleicht so:<\/p>\n\n\n\n<figure class=\"wp-block-image size-large\"><img loading=\"lazy\" decoding=\"async\" width=\"1024\" height=\"617\" src=\"https:\/\/stadtratsberichte.de\/wp-content\/uploads\/2020\/01\/IMG_2177-1024x617.jpg\" alt=\"\" class=\"wp-image-63\" srcset=\"https:\/\/stadtratsberichte.de\/wp-content\/uploads\/2020\/01\/IMG_2177-1024x617.jpg 1024w, https:\/\/stadtratsberichte.de\/wp-content\/uploads\/2020\/01\/IMG_2177-300x181.jpg 300w, https:\/\/stadtratsberichte.de\/wp-content\/uploads\/2020\/01\/IMG_2177-768x463.jpg 768w, https:\/\/stadtratsberichte.de\/wp-content\/uploads\/2020\/01\/IMG_2177-1536x926.jpg 1536w, https:\/\/stadtratsberichte.de\/wp-content\/uploads\/2020\/01\/IMG_2177-2048x1235.jpg 2048w, https:\/\/stadtratsberichte.de\/wp-content\/uploads\/2020\/01\/IMG_2177-1200x723.jpg 1200w\" sizes=\"auto, (max-width: 767px) 89vw, (max-width: 1000px) 54vw, (max-width: 1071px) 543px, 580px\" \/><\/figure>\n\n\n\n<p>oder doch lieber so:<\/p>\n\n\n\n<figure class=\"wp-block-image size-large\"><img loading=\"lazy\" decoding=\"async\" width=\"1024\" height=\"735\" src=\"https:\/\/stadtratsberichte.de\/wp-content\/uploads\/2020\/01\/IMG_2171-1024x735.jpg\" alt=\"\" class=\"wp-image-64\" srcset=\"https:\/\/stadtratsberichte.de\/wp-content\/uploads\/2020\/01\/IMG_2171-1024x735.jpg 1024w, https:\/\/stadtratsberichte.de\/wp-content\/uploads\/2020\/01\/IMG_2171-300x215.jpg 300w, https:\/\/stadtratsberichte.de\/wp-content\/uploads\/2020\/01\/IMG_2171-768x551.jpg 768w, https:\/\/stadtratsberichte.de\/wp-content\/uploads\/2020\/01\/IMG_2171-1536x1103.jpg 1536w, https:\/\/stadtratsberichte.de\/wp-content\/uploads\/2020\/01\/IMG_2171-2048x1470.jpg 2048w, https:\/\/stadtratsberichte.de\/wp-content\/uploads\/2020\/01\/IMG_2171-1200x862.jpg 1200w\" sizes=\"auto, (max-width: 767px) 89vw, (max-width: 1000px) 54vw, (max-width: 1071px) 543px, 580px\" \/><\/figure>\n\n\n\n<p>Die Kommunalpolitik stellt die Weichen, in welche Richtung es geht.<\/p>\n\n\n\n<p><strong>Weil alles vorkommt<\/strong><\/p>\n\n\n\n<p>Sozialpolitik, Wirtschaftspolitik, Klimapolitik, Digitalisierung, \u00f6ffentliche Sicherheit, Migrationspolitk, alle diese aus den Medien bekannten Themen und viele weitere finden sich auch in M\u00fcnchen. Und das betrifft nicht nur die Umsetzung von Landes- und Bundesgesetzen sondern auch vielfache M\u00f6glichkeiten zur eigenst\u00e4ndigen Gestaltung. <\/p>\n\n\n\n<p>Beispiel <strong>Klimapolitik<\/strong>, hier ein Auszug aus einem Vorhaben der Stadtverwaltung:<\/p>\n\n\n\n<figure class=\"wp-block-image size-large\"><img loading=\"lazy\" decoding=\"async\" width=\"1024\" height=\"451\" src=\"https:\/\/stadtratsberichte.de\/wp-content\/uploads\/2020\/01\/2020-01-28-2-1-1024x451.png\" alt=\"\" class=\"wp-image-72\" srcset=\"https:\/\/stadtratsberichte.de\/wp-content\/uploads\/2020\/01\/2020-01-28-2-1-1024x451.png 1024w, https:\/\/stadtratsberichte.de\/wp-content\/uploads\/2020\/01\/2020-01-28-2-1-300x132.png 300w, https:\/\/stadtratsberichte.de\/wp-content\/uploads\/2020\/01\/2020-01-28-2-1-768x338.png 768w, https:\/\/stadtratsberichte.de\/wp-content\/uploads\/2020\/01\/2020-01-28-2-1-1200x528.png 1200w, https:\/\/stadtratsberichte.de\/wp-content\/uploads\/2020\/01\/2020-01-28-2-1.png 1238w\" sizes=\"auto, (max-width: 767px) 89vw, (max-width: 1000px) 54vw, (max-width: 1071px) 543px, 580px\" \/><figcaption>    <\/figcaption><\/figure>\n\n\n\n<p>Beispiel <strong>Wirtschaftspolitik<\/strong>, hier die Stellungnahme der Stadtverwaltung zu einem Antrag aus dem Stadtrat, in Zukunft kein weiteres Gewerbe in M\u00fcnchen zuzulassen:<\/p>\n\n\n\n<figure class=\"wp-block-image size-large\"><img loading=\"lazy\" decoding=\"async\" width=\"1024\" height=\"482\" src=\"https:\/\/stadtratsberichte.de\/wp-content\/uploads\/2020\/01\/2020-01-28-5-1024x482.png\" alt=\"\" class=\"wp-image-75\" srcset=\"https:\/\/stadtratsberichte.de\/wp-content\/uploads\/2020\/01\/2020-01-28-5-1024x482.png 1024w, https:\/\/stadtratsberichte.de\/wp-content\/uploads\/2020\/01\/2020-01-28-5-300x141.png 300w, https:\/\/stadtratsberichte.de\/wp-content\/uploads\/2020\/01\/2020-01-28-5-768x361.png 768w, https:\/\/stadtratsberichte.de\/wp-content\/uploads\/2020\/01\/2020-01-28-5-1200x565.png 1200w, https:\/\/stadtratsberichte.de\/wp-content\/uploads\/2020\/01\/2020-01-28-5.png 1445w\" sizes=\"auto, (max-width: 767px) 89vw, (max-width: 1000px) 54vw, (max-width: 1071px) 543px, 580px\" \/><figcaption>    <\/figcaption><\/figure>\n\n\n\n<p>Auf allen diesen Gebieten gibt der Stadtrat vor, was auf kommunaler Ebene gemacht wird.<\/p>\n\n\n\n<p><strong>Weil etwas bewegt wird<\/strong><\/p>\n\n\n\n<p>Der Haushalt der Stadt M\u00fcnchen im Jahr 2019 betr\u00e4gt ca. <strong>7,2 Mrd. EUR<\/strong>. Zum Vergleich:  Das ist etwa das Eineinhalbfache des Haushalts des Saarlandes und mehr als der Umsatz mancher Unternehmen im DAX. <strong>40. 000 Mitarbeiter<\/strong> der Stadtverwaltung M\u00fcnchen und ihrer Betriebe f\u00fchren aus, was ihnen die Kommunalpolitik vorgibt. <\/p>\n\n\n\n<p><strong>Weil (fast) alles unmittelbar erfahrbar ist<\/strong><\/p>\n\n\n\n<p>Gehen Sie doch mal zu einer Sitzung des Stadtrats. Da kann man direkt zuschauen, wie <a href=\"https:\/\/stadtratsberichte.de\/?page_id=33\">Kommunalpolitik gemacht wird<\/a> und sich eine Meinung zu Inhalten und den handelnden Personen bilden. Mehr als ein halber Tag in den sch\u00f6nen R\u00e4umlichkeiten des M\u00fcnchner Rathauses am Marienplatz ist f\u00fcr einen ersten Eindruck nicht erforderlich. <\/p>\n\n\n\n<p>Wenn Sie aber online dranbleiben wollen, schauen Sie regelm\u00e4\u00dfig auf <a href=\"https:\/\/stadtratsberichte.de\">Stadtratsberichte.de<\/a> !<\/p>\n","protected":false},"excerpt":{"rendered":"<p>Weil sie uns unmittelbar angeht: Kommunalpolitik hat direkten Einfluss darauf, wie wir in M\u00fcnchen leben. Die Entscheidungen im Stadtrat bestimmen, wie unsere Stadt aussieht, wie wir uns bewegen, ob gut ausgestattete Schulen vorhanden sind, welche Angebote es f\u00fcr die \u00e4ltere Generation gibt und vieles mehr. All das ist entscheidend daf\u00fcr, ob wir uns in M\u00fcnchen &hellip; <\/p>\n<p class=\"link-more\"><a href=\"https:\/\/stadtratsberichte.de\/?page_id=59\" class=\"more-link\"><span class=\"screen-reader-text\">\u201eWarum ist M\u00fcnchner Kommunalpolitik interessant?\u201c <\/span>weiterlesen<\/a><\/p>\n","protected":false},"author":1,"featured_media":0,"parent":0,"menu_order":0,"comment_status":"closed","ping_status":"closed","template":"","meta":{"footnotes":""},"class_list":["post-59","page","type-page","status-publish","hentry"],"_links":{"self":[{"href":"https:\/\/stadtratsberichte.de\/index.php?rest_route=\/wp\/v2\/pages\/59","targetHints":{"allow":["GET"]}}],"collection":[{"href":"https:\/\/stadtratsberichte.de\/index.php?rest_route=\/wp\/v2\/pages"}],"about":[{"href":"https:\/\/stadtratsberichte.de\/index.php?rest_route=\/wp\/v2\/types\/page"}],"author":[{"embeddable":true,"href":"https:\/\/stadtratsberichte.de\/index.php?rest_route=\/wp\/v2\/users\/1"}],"replies":[{"embeddable":true,"href":"https:\/\/stadtratsberichte.de\/index.php?rest_route=%2Fwp%2Fv2%2Fcomments&post=59"}],"version-history":[{"count":33,"href":"https:\/\/stadtratsberichte.de\/index.php?rest_route=\/wp\/v2\/pages\/59\/revisions"}],"predecessor-version":[{"id":759,"href":"https:\/\/stadtratsberichte.de\/index.php?rest_route=\/wp\/v2\/pages\/59\/revisions\/759"}],"wp:attachment":[{"href":"https:\/\/stadtratsberichte.de\/index.php?rest_route=%2Fwp%2Fv2%2Fmedia&parent=59"}],"curies":[{"name":"wp","href":"https:\/\/api.w.org\/{rel}","templated":true}]}}